 remainder when 74632 is divided by 10495?
1167
What is the remainder when 611296 is divided by 122257?
11
What is the remainder when 893369 is divided by 8121?
59
What is the remainder when 88460 is divided by 45?
35
Calculate the remainder when 579285 is divided by 7059.
447
What is the remainder when 4291508 is divided by 2145753?
2
Calculate the remainder when 15189864 is divided by 483.
480
Calculate the remainder when 79664 is divided by 4166.
510
What is the remainder when 59035 is divided by 420?
235
What is the remainder when 157423 is divided by 4247?
284
Calculate the remainder when 1900790 is divided by 950390.
10
Calculate the remainder when 15603 is divided by 14805.
798
What is the remainder when 285433 is divided by 1058?
831
What is the remainder when 207728 is divided by 1703?
1665
What is the remainder when 6945907 is divided by 216?
211
Calculate the remainder when 834505 is divided by 1346.
1331
Calculate the remainder when 108050484 is divided by 10805048.
4
What is the remainder when 404805 is divided by 104?
37
Calculate the remainder when 1982127737 is divided by 10.
7
What is the remainder when 42116 is divided by 41425?
691
Calculate the remainder when 5292655 is divided by 183.
112
Calculate the remainder when 412213 is divided by 22.
21
Calculate the remainder when 136752181 is divided by 4273505.
21
Calculate the remainder when 10231700 is divided by 133.
10
Calculate the remainder when 410063 is divided by 24121.
6
Calculate the remainder when 548850 is divided by 274420.
10
What is the remainder when 5333409 is divided by 535?
529
What is the remainder when 70841039 is divided by 485?
484
What is the remainder when 1497941 is divided by 1006?
7
Calculate the remainder when 6147204 is divided by 6141.
63
What is the remainder when 281203 is divided by 92013?
5164
What is the remainder when 761847 is divided by 582?
9
Calculate the remainder when 7376293 is divided by 301.
288
Calculate the remainder when 683947 is divided by 23560.
707
Calculate the remainder when 22133326 is divided by 60.
46
What is the remainder when 1853580 is divided by 77231?
36
What is the remainder when 100871 is divided by 195?
56
What is the remainder when 14189 is divided by 2195?
1019
What is the remainder when 663986456 is divided by 89?
87
What is the remainder when 774662 is divided by 24987?
65
What is the remainder when 5047332 is divided by 120?
12
What is the remainder when 10125546 is divided by 266?
256
What is the remainder when 21806673 is divided by 172?
169
Calculate the remainder when 248655 is divided by 124312.
31
Calculate the remainder when 145354 is divided by 147.
118
Calculate the remainder when 1878690 is divided by 14020.
10
What is the remainder when 213294583 is divided by 8779?
8778
Calculate the remainder when 15959 is divided by 249.
23
Calculate the remainder when 92890613 is divided by 855.
848
Calculate the remainder when 33011 is divided by 62.
27
Calculate the remainder when 1346201 is divided by 58519.
264
Calculate the remainder when 5510 is divided by 128.
6
Calculate the remainder when 650154 is divided by 40631.
58
What is the remainder when 3161814 is divided by 14?
12
What is the remainder when 665844 is divided by 443?
15
Calculate the remainder when 1271971 is divided by 58.
31
Calculate the remainder when 3831910 is divided by 291.
22
What is the remainder when 108450746 is divided by 392?
26
Calculate the remainder when 18194827 is divided by 2599261.
0
Calculate the remainder when 209248 is divided by 239.
123
What is the remainder when 207029398 is divided by 90922?
4
What is the remainder when 4507488 is divided by 601?
589
Calculate the remainder when 37289 is divided by 2362.
1859
Calculate the remainder when 725303 is divided by 93.
89
What is the remainder when 15490 is divided by 1836?
802
Calculate the remainder when 31657 is divided by 1524.
1177
Calculate the remainder when 348191 is divided by 6446.
107
What is the remainder when 3891545 is divided by 347?
287
Calculate the remainder when 25921 is divided by 5148.
181
Calculate the remainder when 3883614 is divided by 65.
59
Calculate the remainder when 787125 is divided by 22.
9
What is the remainder when 241346 is divided by 10056?
2
What is the remainder when 8191873 is divided by 1980?
613
Calculate the remainder when 2820136 is divided by 1794.
1762
Calculate the remainder when 1549726 is divided by 144.
142
What is the remainder when 577426 is divided by 192250?
676
Calculate the remainder when 72921247 is divided by 131.
97
Calculate the remainder when 10248 is divided by 928.
40
What is the remainder when 73160368 is divided by 10?
8
Calculate the remainder when 1259944 is divided by 6176.
40
Calculate the remainder when 54665 is divided by 13652.
57
Calculate the remainder when 2523203 is divided by 1149.
1148
Calculate the remainder when 14524104 is divided by 14524085.
19
What is the remainder when 12713197 is divided by 321?
313
Calculate the remainder when 686638 is divided by 146.
0
What is the remainder when 86499 is divided by 5283?
1971
What is the remainder when 110311 is divided by 9?
7
What is the remainder when 248909 is divided by 41397?
527
What is the remainder when 14245452 is divided by 154?
144
Calculate the remainder when 20113 is divided by 8884.
2345
What is the remainder when 302002 is divided by 43127?
113
Calculate the remainder when 708080 is divided by 265.
0
What is the remainder when 3225497 is divided by 1612742?
13
What is the remainder when 159292 is divided by 2180?
152
Calculate the remainder when 492399070 is divided by 3384.
3382
Calculate the remainder when 80375 is divided by 2973.
104
Calculate the remainder when 1672695 is divided by 390.
375
What is the remainder when 162869 is divided by 460?
29
Calculate the remainder when 1343795 is divided by 191855.
810
Calculate the remainder when 6543794 is divided by 2063.
2021
What is the remainder when 32460923 is divided by 16230459?
5
Calculate the remainder when 180953081 is divided by 37511.
17
Calculate the remainder when 370087111 is divided by 1844.
1843
Calculate the remainder when 2391 is divided by 574.
95
What is the remainder when 12714874 is divided by 11883?
64
What is the remainder when 128772 is divided by 5870?
5502
Calculate the remainder when 2379655 is divided by 182.
5
Calculate the remainder when 26886388 is divided by 8962126.
10
What is the remainder when 1180294 is divided by 1639?
214
Calculate the remainder when 163779085 is divided by 536.
533
What is the remainder when 20672031 is divided by 1860?
1851
What is the remainder when 2111939 is divided by 114?
89
Calculate the remainder when 363612 is divided by 90791.
448
Calculate the remainder when 13948617 is divided by 3583.
3581
What is the remainder when 701806 is divided by 233864?
214
What is the remainder when 578806 is divided by 21415?
601
Calculate the remainder when 7080642 is divided by 429.
426
Calculate the remainder when 29119 is divided by 9146.
1681
What is the remainder when 4597735 is divided by 738?
733
What is the remainder when 140931 is divided by 1184?
35
What is the remainder when 36636044 is divided by 9159008?
12
Calculate the remainder when 5957580 is divided by 19.
16
Calculate the remainder when 17590 is divided by 1881.
661
What is the remainder when 48330 is divided by 2836?
118
What is the remainder when 573710 is divided by 1882?
1582
What is the remainder when 698229 is divided by 63465?
114
Calculate the remainder when 1112573 is divided by 212.
209
Calculate the remainder when 285546382 is divided by 108.
106
What is the remainder when 4542520 is divided by 59?
51
Calculate the remainder when 265395524 is divided by 184.
180
What is the remainder when 115835 is divided by 2412?
59
Calculate the remainder when 164478 is divided by 1862.
622
What is the remainder when 941203 is divided by 941130?
73
Calculate the remainder when 799673 is divided by 818.
487
Calculate the remainder when 3076481 is divided by 396.
353
Calculate the remainder when 73953 is divided by 642.
123
Calculate the remainder when 9239702 is divided by 34.
32
Calculate the remainder when 101384 is divided by 121.
107
Calculate the remainder when 178577